 -b - 612. Calculate the greatest common factor of 17 and p.
17
Suppose -117*v + 136*v = 3610. What is the greatest common divisor of 270 and v?
10
Let s(t) = 7*t - 62. Let z(d) = -d**3 + 37*d**2 + 80*d - 69. Let a be z(39). Let l be s(a). Calculate the greatest common divisor of 53 and l.
1
Let o = 62 + -13. Let n(t) = t**3 + 9*t**2 + 14*t + 7. Suppose -19*y + 42 = -25*y. Let f be n(y). Calculate the greatest common factor of o and f.
7
Suppose 5*s - 219*p - 4265 = -224*p, 3*p - 9 = 0. What is the highest common divisor of s and 3910?
170
Let y = -280 + 374. What is the highest common factor of y and 3008?
94
Suppose 0 = 83*j - 112*j + 6032. Calculate the greatest common divisor of 403 and j.
13
Let x be 2/12 + 1373/(-5)*(-2345)/402. What is the highest common factor of 243 and x?
9
Let u(f) = 8*f**2 + 58*f - 46. Let m be u(-10). What is the highest common factor of 240 and m?
6
Suppose 3*w + 763 = 5*i, -234 = -i + 4*w - 95. Calculate the highest common divisor of 15 and i.
5
Suppose 0 = -34*g + 2*g - 37*g + 25047. What is the highest common divisor of g and 3509?
121
Suppose 3 = -2*w + 23. Let j be (-2 + 14/w)*-75. Calculate the highest common divisor of j and 225.
45
Let l(h) = h**2 + 5*h + 5. Let o = -13 + 17. Suppose o*q = 12*q + 56. Let f be l(q). What is the highest common factor of f and 38?
19
Let c(t) = 61*t**2 + 10*t - 1. Let a be c(-1). What is the greatest common divisor of 3725 and a?
25
Suppose -2*q - 3*d = d - 4, -2*d + 26 = -3*q. Let x be 2/3 + (-164)/q. Let s be x/(-20)*-4 - (-2)/5. Calculate the greatest common factor of 30 and s.
6
Let m(q) = -106*q - 2069. Let d be m(-21). What is the greatest common factor of 19939 and d?
157
Let a(b) = -b - 36. Suppose -13*z - 936 = 11*z. Let s be a(z). Calculate the greatest common factor of 48 and s.
3
Let f = -63627 - -117687. Calculate the greatest common factor of 30 and f.
30
Let t(q) = 4*q**3 + 7*q - 3. Let f be t(3). Suppose 4*w - 3 = 3*w. Suppose 0 = -2*u + w*u - 14. Calculate the greatest common factor of f and u.
14
Suppose -k - 2*k + 6 = 0. Let i be -45 - (-2)/(-1) - -1. Let c be k*(i/(-4) + -4). What is the greatest common factor of 15 and c?
15
Let o = -114 - -115. Let b be -63 - (o - (-5)/5). Let m = 77 + b. What is the highest common factor of m and 96?
12
Let u = -150 - -206. Suppose -u = -78*z + 64*z. What is the highest common divisor of 64 and z?
4
Let c be ((-1)/(-3)*-2)/(8/(-156)). Suppose z - m - 21 = 0, -57*z + 55*z - 2*m + 62 = 0. Calculate the greatest common factor of c and z.
13
Let v(t) = -t**2 + 8*t + 8. Let j be v(8). Suppose -5*u + 8 = -37. Suppose u*q + 461 = 1253. Calculate the highest common divisor of j and q.
8
Suppose 0 = -2*r - 4*z + 12 + 76, -2*z = -2*r + 82. What is the greatest common factor of r and 1533?
21
Let x(o) = 104*o + 632. Let p be x(23). Calculate the highest common factor of p and 448.
112
Let b be 1434/15 + 28/70. Let y(d) = -2*d + 32. Let g be y(10). What is the greatest common factor of b and g?
12
Let z(g) = -g**3 + 19*g**2 + 2*g - 125. Let l be z(18). Suppose -5*o + l = 50. Let b be 1/4 + 147/4. What is the highest common factor of o and b?
37
Let g = 18 + 15. Let y(o) = -g*o + 28*o + 10 - 94*o. Let d be y(-2). Calculate the greatest common factor of 26 and d.
26
Let y(c) = 14*c - 61. Suppose -18 = -2*f - 0. Let n be y(f). What is the highest common divisor of n and 104?
13
Let d be ((-20)/6)/(8/12). Let p(h) = h**3 + 8*h**2 - 3*h + 9. Let z be p(d). Calculate the highest common factor of 18 and z.
9
Let r = -211 - -267. Let b(k) = 2*k**2 - 27*k + 63. Let h be b(14). Calculate the highest common factor of h and r.
7
Suppose 5 = i + k, -3*i - 2*i + 7 = -4*k. Calculate the greatest common divisor of i and 8934.
3
Suppose -u = -r - 33 + 3228, 2*u = 5*r - 15975. Calculate the highest common divisor of 71 and r.
71
Suppose -h + 3 + 1 = 0. Suppose 5*o - 3*o - 26 = -4*x, 5*o + 19 = h*x. What is the greatest common divisor of x and 6?
6
Suppose -11*k + 8368 = 6135. Calculate the highest common divisor of 1827 and k.
203
Let c(q) = -156*q**3 - 2*q**2 + 9*q - 22. Let k be c(-4). Calculate the highest common divisor of k and 102.
102
Suppose -3*j = 293 - 278, 5*x = 4*j + 115. What is the highest common divisor of 4351 and x?
19
Let c(x) = -101*x**3 - 3*x**2 - 20*x - 31. Let p be c(-2). Calculate the highest common factor of 23 and p.
23
Suppose -5*w = g + 16, 0 = 3*g - w + 9 - 25. Suppose 2*j - 4*c - 16 = -2, 0 = -g*j + 5*c + 28. What is the highest common factor of 511 and j?
7
Suppose 147*d = 144*d + 351. What is the highest common factor of 650 and d?
13
Suppose 4*m - 309 - 23 = 0. Suppose -4*q = 3*a + 351 - m, -5*q - 5*a = 330. Let u be q/(-4)*152/95. Calculate the greatest common divisor of u and 308.
28
Suppose 2*u + 2*y - 13 = -y, -5*u + 7 = -y. Suppose u*w + 6 = 5*w. What is the greatest common factor of 8 and w?
2
Let m be (12 - (-7816)/(-24))*-39. What is the greatest common divisor of m and 39?
13
Let c be 1*14*(-1)/(-2). Suppose -8*g - 82 = -114. What is the greatest common factor of g and c?
1
Suppose -3*w = -6*w + 63. Let i(q) = 2*q - 37. Let p be i(w). What is the highest common divisor of 55 and p?
5
Suppose -113*n = 18*n - 79255. Calculate the highest common divisor of 2035 and n.
55
Suppose -44 = 4*i - 60. Let x = 4599 - 4537. What is the greatest common divisor of i and x?
2
Suppose -2*r + 44 = -5*b + 2*r, -3*b + 5*r = 16. Let d be -2*(33/b + (-6)/(-8)). Suppose 0 = -d*l - 13 + 53. What is the highest common factor of 5 and l?
5
Suppose 2*j - 2*i = 514 - 84, -3*i = 12. Let x = j + -137. Let f = x - 44. What is the highest common factor of f and 40?
10
Suppose -3*m = -46*m + 46560 + 18112. What is the greatest common divisor of 256 and m?
32
Let f be (2 - (-2 - -3))*-107. Let w = f - -191. Suppose -i = -4*n - 72, 3*i - 39 = 5*n + 149. What is the greatest common divisor of i and w?
28
Let n be (-1)/(-2) + 14946/188. Calculate the greatest common divisor of 496 and n.
16
Suppose 0 = 1199*t - 1258*t + 16992. Calculate the greatest common divisor of t and 468.
36
Let h(s) = s**3 + s**2 - s - 1. Let t be h(2). Let q be 1/(-14) + (13 - 9530/(-140)). Calculate the greatest common divisor of t and q.
9
Suppose c - 3*t = -18, 26 = -6*c + 4*c + t. Let b be (-156)/117*6*c. Calculate the greatest common divisor of b and 108.
12
Suppose -y - 2 = -6. Let g be 72/(-15) + (-7)/35. Let n(f) = f + 9. Let m be n(g). What is the highest common divisor of y and m?
4
Let c be (-6)/(-9)*-49*(-2799)/622. Calculate the highest common divisor of 112 and c.
7
Suppose 4*p - 81 - 797 = -5*w, 3*w = 2*p - 406. Calculate the highest common divisor of 4 and p.
4
Let t be (-8 - -62) + (5 - 10). Let m be (120/(-9))/(-4)*21. Let w = m - t. What is the greatest common factor of w and 21?
21
Suppose 41864*h + 8721 = 42035*h. Suppose -4*q + 119 = -85. Calculate the highest common factor of q and h.
51
Suppose 5*n - 2*l = -0*l + 6, 2 = -2*n + 3*l. Suppose -2*c + n = 0, -3*m - 4*c + 181 = -3*c. Calculate the greatest common divisor of m and 40.
20
Let j(g) = 24*g + 1. Let h be j(12). Let v = 295 - h. What is the greatest common divisor of v and 20?
2
Let a be 1/(-1)*3*(-190)/15. Let u(d) = d**2 - 9*d + 13. Let l be u(7). Let m = 20 + l. Calculate the greatest common factor of m and a.
19
Let z be (9513/(-162) + (-4)/(-18))/((-10)/40). Calculate the highest common divisor of z and 1602.
18
Suppose 0 = 41*f - 104*f + 567. Calculate the highest common factor of 279 and f.
9
Suppose 7*u = 9*u - 54. Suppose -24 - 40 = -2*y. Suppose y = 2*d - 4*k, 3*d + 3*k - 2*k = 55. Calculate the greatest common factor of u and d.
9
Let i = 149 - 148. Let f(r) = -2*r + 27. Let h be f(12). Calculate the highest common divisor of i and h.
1
Let p be 76/16*(1 - -3). Suppose p*x = 195 + 223. What is the greatest common factor of 6 and x?
2
Suppose -33*x + 21*x - 3528 = 0. Let c = 411 + x. Calculate the highest common divisor of c and 9.
9
Suppose 7*d - 13372 = -2*z + 4*d, -5*z + 33354 = -2*d. Calculate the greatest common factor of 284 and z.
142
Let q be 48/(-64) + 103/4. Suppose -9*x - 96 = -q*x. Calculate the highest common factor of x and 38.
2
Suppose -19 = b - 23. Suppose 4*n - 33 = 5*r, -5*n - 4 = -b*r - 52. Let f = n - -28. What is the greatest common factor of f and 5?
5
